 + 93. What are the prime factors of k?
5, 7
Suppose -3 - 29 = 4*f. Let o(w) be the first derivative of w**4/4 + 7*w**3/3 - 9*w**2/2 + 7*w - 16. What are the prime factors of o(f)?
3, 5
Let b(l) = 5*l**3 + l**2 - 5*l + 18. Let j be b(6). Suppose 0 = -0*f - 6*f + j. What are the prime factors of f?
2, 23
Suppose 0 = -3*i + 9 + 18. Suppose -92 = i*t - 13*t - 4*h, -4*h = 0. List the prime factors of t.
23
Suppose -52 - 11 = -3*i. Suppose 6 = -5*y + 4*p - i, 5*p = -4*y + 3. Let c = 44 + y. What are the prime factors of c?
41
Suppose -3*v + 7503 = -2*b, 3*v - 36*b - 7503 = -32*b. What are the prime factors of v?
41, 61
Suppose -3644 = -2*i + 4*o, -o - 5476 = -8*i + 5*i. What are the prime factors of i?
2, 11, 83
Suppose 2*m + 3*l = -3, l - 2 = 3*l. Suppose 5*x + 2*v = 4*v + 113, m = 2*v + 8. Suppose -4*c + x = -51. What are the prime factors of c?
2, 3
Let p(w) = -w - 14. Let o be p(-18). Suppose 0 = o*x + 2*x - 702. List the prime factors of x.
3, 13
Suppose 2*k - 35 = k. Let g be ((-7)/(63/36))/(4/30). Let h = k + g. What are the prime factors of h?
5
Let f be (1 + -6)/(-15)*18. Suppose 0 = 2*a - f*a + 100. What are the prime factors of a?
5
Suppose 4*c + g - 369 = 0, c + 2*g = -4*c + 459. Suppose 29 = -t + c. List the prime factors of t.
2
Let z = -63 - -14. Let h = z - -99. Let g = h + -29. List the prime factors of g.
3, 7
Suppose 3*m - 2*m - 277 = 0. Let n = -135 + m. What are the prime factors of n?
2, 71
Let j(x) = -x**2 + 14*x + 9. Let g be j(13). Let w = g - 19. What are the prime factors of w?
3
Suppose -2*p + 2*r + 22 = 0, -2*p + 0*r - r + 34 = 0. Suppose -p - 81 = -h. List the prime factors of h.
2, 3
Let s be ((-2)/(-3))/(4/30). Suppose b - 5*b = -i + 25, s*b = 4*i - 89. List the prime factors of i.
3, 7
Let r(m) = -41*m + 70. List the prime factors of r(-13).
3, 67
Let v(i) = 3*i**3 - 30*i**2 - 18*i - 19. List the prime factors of v(11).
2, 73
Let l be 3/4*(-8)/12*-206. Let h = -5 + l. List the prime factors of h.
2, 7
Let d(r) = -2*r + 12. Let l be d(5). Let j be l/12 + (-46)/(-12). Suppose -4*u = -5*w - 166, 2*u - 66 - 4 = -j*w. List the prime factors of u.
3, 13
Suppose x + d + 2 = 0, 3*x - 6*x - 4*d = 10. Suppose 3*y = x*s - 36, s + 4*y = -s + 8. List the prime factors of s.
2, 3
Let q(c) = c**3 - 7*c**2 - 8*c + 3. Let k be q(8). Suppose -p = k*p - 76. What are the prime factors of p?
19
Let c be 24/(-14) - 2/7. Let d(g) = -16*g - 3. List the prime factors of d(c).
29
Let k be (-8)/(-5)*65/2. Let j = 164 - k. List the prime factors of j.
2, 7
Let o(v) = -v**3 - 9*v**2 + 9*v - 6. Let a be o(-10). Let r = a - -8. List the prime factors of 142/8 + 3/r.
2, 3
Suppose -25 = 2*o + 3*o, -17 = 4*l + o. Let c = l + 24. What are the prime factors of c?
3, 7
Let v(x) be the third derivative of -x**6/120 + 7*x**5/30 - x**4/6 - 9*x**3/2 + 18*x**2. List the prime factors of v(12).
3, 71
Let c(y) = y**3 + 11*y**2 + 9*y - 6. Let r be c(-10). Suppose v = 5*v - r, 5*v = -z + 31. List the prime factors of z.
2, 13
Let j(q) = -q**3 + q. Let y be j(-2). Suppose s - y*s + 305 = 0. What are the prime factors of s?
61
Let r = -112 + 288. Suppose 4*g - 18 = -2*g. Suppose g*o - 2*p - r = 0, 4*p + 13 = -o + 67. List the prime factors of o.
2, 29
Let g(d) = -554*d - 206. List the prime factors of g(-9).
2, 5, 239
Suppose 3*s - 9 = -0*s. Suppose -s*o = -19*o + 896. What are the prime factors of o?
2, 7
Let d = 45 - 45. Let i(u) = -u + 75. List the prime factors of i(d).
3, 5
List the prime factors of 1/(-5) - (-148071)/55.
2, 673
Let m(x) = x**3 + 4*x**2 - 5*x - 10. Let f be m(-4). Suppose -2*l - k - 1 + f = 0, -k = l - 4. List the prime factors of l.
5
Suppose m = -3 + 11. Let y(j) = -j**3 + 11*j**2 - j + 8. Let g be y(m). What are the prime factors of g/30*5*1?
2
Suppose -2*w - 4 = -j + 2, 5*w - 7 = -3*j. Suppose s = -4*p + 1 - 4, 3*p = -j*s + 14. What are the prime factors of (-1 + 4)*(-1 - p)?
3
Suppose -m = -3*t + 2871, -3*t + 2*m - 3*m + 2877 = 0. List the prime factors of t.
2, 479
Suppose -6474 = 30*k - 32*k - 2*m, -3*k - 5*m + 9719 = 0. What are the prime factors of k?
53, 61
Let y(t) = 4*t**2 + 5*t + 6. List the prime factors of y(10).
2, 3, 19
Let f = 62 + -56. Let p be -7*2*(-132)/14. Suppose -2*r = -f*r + p. List the prime factors of r.
3, 11
Let t = -23 + 32. Let g be (3/t)/((-4)/24). List the prime factors of (32 - g) + 12/3.
2, 19
Let g be (-3)/(-6)*(17 - -1). Let p be 2920/12 + 6/g. List the prime factors of p/16 + (-5)/20.
3, 5
Suppose 6 = -4*l + 18. Let g be (3 + -1)/(l/6). What are the prime factors of 148/g*1/1?
37
Suppose 3*i - 8107 = 2*w, -4*i + 3957 = 2*w - 6871. What are the prime factors of i?
5, 541
Let h = -176 + 225. List the prime factors of h.
7
Suppose 0 = g + 16 + 8. Let o = 3 - g. What are the prime factors of o?
3
Let l be (1 + 5/(-2))/(15/140). List the prime factors of -4*(-3)/6 - (l - -1).
3, 5
Suppose 11*z = 14*z - 6. Suppose 4*g - 192 = -z*g. Suppose 3*t - g = r, 6*t - 2*t - 52 = -r. What are the prime factors of t?
2, 3
Suppose -5*n + 3477 = 3*w, -17*n - 4*w = -13*n - 2788. What are the prime factors of n?
3, 7, 11
Let k(c) = 37 + 8*c + 3*c - 8*c. List the prime factors of k(-9).
2, 5
Let k be (-6)/3 + 3/((-6)/(-206)). Let c = -68 + k. List the prime factors of c.
3, 11
Let w(t) = 12*t**3 + 2*t**2 - 2*t + 1. Let c be (-5)/2*8/(-20). Let s be w(c). Let f(i) = -i**2 + 13*i + 19. What are the prime factors of f(s)?
19
Let z be 9/1 + 2 + -1. Let n be (-2)/z + 126/30. Suppose 104 = 4*q + n*f, -5*q = -2*f - 58 - 58. What are the prime factors of q?
2, 3
Let i(n) = 11*n**2 + 2*n - 3. Let c = 3 - 16. Let y = -11 - c. List the prime factors of i(y).
3, 5
Let j(h) = h**3 - 8*h**2 - h + 6. Let r be j(8). What are the prime factors of -2 - 164/(-2 + r)?
3, 13
Suppose 3*v = -4*h + 2137, -2*v + h = 543 - 1986. List the prime factors of v.
719
Let t = 21 + 42. List the prime factors of (t - -1) + 24/12.
2, 3, 11
Suppose 38*b = 2*s + 34*b - 1566, -2*b = -5*s + 3899. What are the prime factors of s?
19, 41
Let x = -28 + 32. Suppose 82 - 18 = w + 4*z, -301 = -x*w - z. What are the prime factors of w?
2, 19
Let n(d) = 56*d - 565. What are the prime factors of n(43)?
19, 97
Suppose 0 = -k - f - 18, 0 = 4*k + 5*f + 29 + 47. List the prime factors of (-357)/k + 1/2.
2, 13
Let p = 2501 + -581. What are the prime factors of p?
2, 3, 5
Suppose -5*p = -3*n + 23, 0 = -4*n - 0*n - 3*p + 21. Suppose n*u - 348 - 384 = 0. What are the prime factors of u?
2, 61
Let c = -29 - -2. Let s = 13 - c. What are the prime factors of s?
2, 5
Let n be ((-21)/7)/((-9)/(-42)). Let z = 18 + n. Suppose z*s = 4*b - 128, -12 = -b - 8*s + 5*s. List the prime factors of b.
3
Let s = -609 + 1021. What are the prime factors of s?
2, 103
Let b = 28 + -29. Let h(k) = -112*k**3 - k - 2. List the prime factors of h(b).
3, 37
Suppose -2210 = -26*z + 17524. What are the prime factors of z?
3, 11, 23
Let a be 2 + 89*1/1. Let r = a + -12. List the prime factors of r.
79
Suppose 2*o = -4*q + 160, q = -0*q + 5*o + 40. Suppose 2*u = 3*u - q. List the prime factors of u.
2, 5
Suppose -15*u - 14416 = -32*u. What are the prime factors of u?
2, 53
Suppose -105 = 4*p - 3*k, -p - 2*k - 137 = 4*p. Let b = 47 - p. What are the prime factors of b?
2, 37
Suppose -7*h + 8271 - 1551 = 0. What are the prime factors of h/100 + 3/(-5) + 1?
2, 5
Let i(n) = 70*n - 38*n + 14 - 31*n. Let g be i(-9). Suppose 3*d = -g*y + 29, -7*y - 4*d = -2*y - 32. List the prime factors of y.
2
Suppose 2*j + 0*x = -3*x + 219, -4*x + 558 = 5*j. Suppose 2*m = 5*t - 510, 5*t + j = 6*t + 2*m. Suppose t = 3*y + 5*y. What are the prime factors of y?
13
Suppose -4*s + 5*w + 52 = 0, 0*s + w + 28 = 3*s. Let g = 29 + -14. List the prime factors of g/2*s/6.
2, 5
Let s = -65 - -47. Let x = s + 32. List the prime factors of x.
2, 7
Let t be (1 + 0)*(2 + 11). Suppose 18*m = t*m + 15. Suppose -2*b + 54 = -5*s, m*s + 0*s - 108 = -4*b. List the prime factors of b.
3
Let z(u) = 9*u**2 + 38*u + 46. What are the prime factors of z(15)?
19, 139
What are the prime factors of 7616/13 + 7 + 6/39?
593
Let p(f) = -5 - 16*f**2 - 4*f + 22*f**2 - 2*f. List the prime factors of p(-3).
67
Suppose 11*l = 12*l - 11. Suppose 10*b = l*b - 8. What are the prime factors of b?
2
What are the prime factors of 24792/20 - -4 - 4/(-10)?
2, 311
Let g(z) 